be (-4)/14 - (-780)/182. Suppose 75 = t + k*t. Suppose -2*x + 90 = x. What is the highest common divisor of x and t?
15
Let b be 3/((-60)/(-16))*5. Suppose b*g = g + 30. What is the greatest common factor of g and 10?
10
Let g(w) = -w**2 - 18*w - 65. Let s be g(-12). Let i be 2/(-6) - 5/(-15). Let m be (29 + i)/1 - 1. Calculate the highest common factor of m and s.
7
Suppose -3*j + 16 = 10. Suppose 5*s - j*z = -3*z + 128, -2*s + 5*z + 62 = 0. Calculate the greatest common divisor of s and 156.
26
Suppose 10 = w + 4*w. Let q = w + 1. Suppose 2*i - y - 78 = 0, -i - q*y - y = -48. Calculate the highest common divisor of 5 and i.
5
Suppose -2*t = -7*t + 350. Let a be (80 - 60)*(-1)/(-2). Calculate the greatest common factor of t and a.
10
Suppose 8*j + 653 - 717 = 0. What is the greatest common divisor of 872 and j?
8
Let b = -435 - -798. What is the greatest common divisor of 33 and b?
33
Let l be 9 + (-3 - -3)/(-3). Suppose -t + 5*a + 25 = 0, 0 = -0*a - 3*a - l. Let v = -81 + 91. Calculate the highest common divisor of t and v.
10
Let p(d) = 2*d**3 - d**2 - 10*d - 12. Let j be p(-3). Let k = j + 126. Calculate the greatest common divisor of k and 9.
9
Suppose 0*s + 4*s = -3*u + 33, 0 = -u - s + 12. Let l be u/10*2*-1*-1. Calculate the highest common factor of l and 24.
3
Let y be (-3)/((-18)/48) - -97. Suppose -5*k - 7 = -82. Calculate the greatest common divisor of y and k.
15
Let m(g) = 2*g**2 - 27*g + 53. Let v be m(13). Calculate the highest common factor of v and 24.
8
Let i = -26 + 24. Let u = i + 20. Calculate the highest common divisor of u and 45.
9
Let a = 219 + -183. What is the greatest common factor of 84 and a?
12
Suppose 8329 = -4*u + 3*r, 3*r + 8308 = -4*u - r. Let b be (-6)/(-5)*u/(-12) + -1. Calculate the highest common factor of b and 23.
23
Suppose -2*g - 363 = -3*f, f - 64 - 61 = 2*g. What is the highest common divisor of 51 and f?
17
Suppose 4*w = -3*r + 17, -2*w + 0*w - 4*r = -6. Let d be 3 + w*(0 - -1). Calculate the greatest common divisor of 12 and d.
4
Let b(t) = -47*t - 315. Let w be b(-7). Calculate the greatest common divisor of 217 and w.
7
Let n(d) = 6*d. Let o(w) = 5*w. Let m(a) = 2*n(a) - 3*o(a). Let i be m(-3). Suppose -550 + 676 = 21*u. What is the highest common divisor of i and u?
3
Suppose -5*y = -y - 60. Suppose 0 = 5*v + 30, 84 = 4*f - 899*v + 895*v. Calculate the highest common divisor of y and f.
15
Let r(t) = 379*t + 16. Let v be r(2). What is the greatest common divisor of 18 and v?
18
Let y be (((-2)/(-30))/(26/(-130)))/((-1)/273). Suppose 4*v - 22 = 2*v + p, 0 = -3*v + p + 35. What is the highest common factor of v and y?
13
Let y(z) = 2*z + 12. Let t be y(6). Let l = 27 - t. Let d(x) = 25*x**2 - 2*x + 1. Let r be d(l). Calculate the highest common divisor of r and 20.
20
Suppose -4*f - 3*s = -860, 6*s + 20 = s. Let c = -119 + f. Calculate the highest common factor of c and 9.
9
Let s(r) = -r**2 - 7*r - 4. Let c be s(-6). Let i(w) = 4*w + 1. Let z be i(c). What is the greatest common divisor of z and 45?
9
Let s(f) = 10*f**3 + f**2 - 1. Let q be s(1). Let x be 4/16 + (-345)/(-12). Suppose m - x - 11 = 0. Calculate the highest common factor of m and q.
10
Let r(b) = -18*b**3 - b**2 - 2*b - 1. Suppose 0 = 2*x - 3*x - 1. Let m be r(x). Let o = 2 + m. Calculate the greatest common divisor of o and 40.
20
Let h be (-99)/(-12) - 4/48*3. Let m = -12 + 20. What is the greatest common divisor of h and m?
8
Suppose 5*c - 294 = -44. Let g(a) = 4*a + 48. Let w be g(-13). Let r be (-1 - -3) + (c - w). What is the highest common divisor of r and 7?
7
Suppose -5 = -5*w + 5. Let s(q) = 15*q - 3. Let o be s(w). Calculate the greatest common divisor of 18 and o.
9
Let l(o) = -o**3 - 10*o**2 - 2*o + 11. Let j be l(-10). What is the greatest common factor of 31 and j?
31
Let v(u) = u + 2. Let p be -3 + 3 + (36 - 0). Let f = p + -26. Let y be v(f). What is the highest common factor of y and 60?
12
Let x be 80/18 - 4/9. Calculate the highest common factor of 12 and x.
4
Let s(y) = y**3 - 2*y**2 + 6*y + 18. Let f be s(6). Calculate the highest common factor of 18 and f.
18
Suppose -c + 15 = -0*c. Let b be 8 - (5 - 1) - -13. Suppose 2*q + b = n + 168, 2*n = q - 77. What is the highest common factor of q and c?
15
Let p be -102*(-11)/66*(-2)/(-1). Calculate the greatest common factor of 119 and p.
17
Let w(v) = -59*v + 1. Let g be w(-2). Suppose -4*a + 21 = -g. Let i(x) = -814*x - 8814. Let y be i(-11). Calculate the highest common factor of y and a.
35
Let d(c) = c**2 - 7*c + 11. Let l be d(6). Calculate the greatest common factor of l and 20.
5
Let l be 0*(-4)/(-8)*1/(-2). Let t be (15 - 7)*(1 - l). Let k be 716/10 + 4/10. What is the greatest common factor of t and k?
8
Suppose -6*h = h - 840. What is the greatest common divisor of h and 24?
24
Suppose 5*h + l = 19, 1 = -5*h - 0*h + 4*l. Let j = 48 + h. What is the highest common divisor of j and 34?
17
Let v = 28 + -14. Let d = -14 - -35. Let n be (d/(-6))/((-2)/4). What is the highest common factor of n and v?
7
Let o = 375 - 40. What is the highest common divisor of o and 201?
67
Let t be (-208)/2*(-1 - -2). Let f = t - -206. Calculate the highest common factor of f and 68.
34
Let t(w) = -w**3 + 12*w**2 + 5*w + 18. Let s be t(12). What is the highest common factor of s and 39?
39
Suppose -177 = -2*s - 3*w, 0 = -s + 3*w + 2*w + 56. Let o be (-12)/66 - 202/(-22). What is the highest common divisor of o and s?
9
Let j be (25/10 - 0)*2. What is the highest common divisor of j and 2?
1
Let p(j) = -134*j**3 + j**2 - 9*j - 9. Let k be p(-1). What is the greatest common factor of 105 and k?
15
Let t be (-1)/1 + (2 - -17)*1. Let a be (0 - 45)*(-14 - -13). What is the highest common factor of t and a?
9
Let y = 477 - 467. Calculate the greatest common factor of y and 12.
2
Suppose -3*k = -24 - 18. Suppose n - k = -2*u, 0 = 2*n - 7*n + 3*u + 57. Let m = 16 - n. Calculate the highest common factor of m and 8.
4
Suppose 2*h - t = -3*h + 50, 10 = h - 2*t. Let i be (h/6 - 1)*-6. Let z(u) = 8*u**2 - 5*u - 5. Let g be z(i). Calculate the greatest common factor of g and 13.
13
Let n be (76/57)/((-1)/(-492)). What is the highest common factor of n and 41?
41
Suppose -l = -4*l + 3*s + 36, s + 48 = 5*l. Suppose 5*z = v + 31, 65*z - 3*v = 60*z + 33. Calculate the highest common divisor of l and z.
3
Let q(r) = r**3 + 25*r**2 + 59*r - 63. Let o be q(-22). What is the greatest common divisor of 455 and o?
91
Let r = 596 - 536. What is the highest common divisor of r and 165?
15
Let t = 11 - 13. Let a(q) = -9*q**3 - 2*q**2 - 3*q. Let r be a(t). Suppose 0 = 5*f - r - 10. Calculate the highest common divisor of 144 and f.
16
Let z = 19 + -17. Suppose -5*y = -10*y. Suppose y = z*v - 32 - 148. What is the greatest common divisor of 10 and v?
10
Let s = -797 - -987. Calculate the greatest common divisor of 60 and s.
10
Let k(o) = o**3 - 6*o**2 + 5*o - 4. Let v be k(5). Let a be 2/v + (-130)/(-20). Let m = 69 + -45. What is the greatest common factor of a and m?
6
Suppose -22*m - 461 = -3*x - 27*m, 5*x - 727 = 2*m. What is the highest common divisor of x and 196?
49
Suppose -5*f = -2*s + s + 11, 14 = 4*s - 5*f. Let b be 95 + (-12*s)/(-3). What is the greatest common divisor of 9 and b?
9
Let s = -276 - -285. Let y = -1 - -4. What is the highest common factor of s and y?
3
Let u(c) = 38*c - 168. Let t be u(6). What is the greatest common divisor of t and 75?
15
Let d = 3 + 24. Suppose -z + 27 - 18 = -2*w, -z - 4*w + 9 = 0. Calculate the highest common factor of z and d.
9
Let p = -399 + 432. What is the greatest common divisor of 143 and p?
11
Let u be 9/(36/16) - -3. Suppose 11*h - 8 = u*h. Suppose h = -5*z - 3, -f + 3*z + 6 = 0. Calculate the highest common factor of f and 3.
3
Let r = 931 + -398. Calculate the highest common factor of 41 and r.
41
Let j = -16 - -54. Let x = -47 + 313. What is the greatest common divisor of x and j?
38
Let q = -1266 - -1272. Calculate the highest common divisor of 852 and q.
6
Let v(a) = 2*a - 31. Let x be v(13). Let t be -2 + 3 + x + 41. What is the highest common factor of 296 and t?
37
Let b be 20/((-20)/(-5)) + -1*3. Suppose 5*a + 12 = r, -r - b*a = -0*r - 12. Calculate the highest common factor of r and 108.
12
Let v be 864/(-27)*((-5)/2 + 2). Calculate 